-16))/(2/8). Suppose 0 = -8*y + v*y + 165. Calculate the remainder when y is divided by 19.
17
Let y(b) = -b**2 + 6*b - 6. Let u be y(3). Suppose -o + 4 + 33 = -3*v, -15 = u*v. Suppose 0 = -i - i + o. What is the remainder when 32 is divided by i?
10
Let x be 0 - (-3 + -1) - -5. Calculate the remainder when 32 is divided by 8 - x - 1*-10.
5
Let x(l) be the third derivative of l**4/12 - 2*l**3/3 + 37*l**2. Calculate the remainder when x(19) is divided by 12.
10
Let c(l) = -2*l - 33. Let d be c(-19). Suppose -2*m + 144 = 4*o - 0*m, 5*o - d*m = 165. Suppose -4*v + 54 = -v. What is the remainder when o is divided by v?
17
Let j = -198 - 97. Suppose -4*s + 81 + 43 = 0. Calculate the remainder when (j/(-10))/((-1)/(-2)) is divided by s.
28
Suppose -555 = -3*t - 216. What is the remainder when t is divided by (-1 - 0)*(-24 + -5)?
26
Let g = 292 - 289. What is the remainder when 16 is divided by g?
1
Let a(b) = b**2 - 2*b - 21. Let o(t) = 2*t**2 - t - 30. Calculate the remainder when o(9) is divided by a(9).
39
Suppose 4*z - 2*o - 511 = -3*o, 3*o + 515 = 4*z. What is the remainder when z is divided by 15?
8
Let l = -94 - -96. Suppose -12 = -3*z + 3*m - 3, 5*m - 6 = -l*z. Let k = 3 + -2. Calculate the remainder when z is divided by k.
0
Suppose 11*d = 9*d - 288. Let a = -97 - d. What is the remainder when 233 is divided by a?
45
Let y(u) = 24*u - 88. Calculate the remainder when 59 is divided by y(4).
3
Suppose 9*o = 8*o + 2. Suppose -2*y - o*y = -196. Calculate the remainder when y is divided by 26.
23
Let o = -153 - -164. Calculate the remainder when 75 is divided by o.
9
Suppose -4*b + 2*i + 1030 = 0, 0 = 2*b - 6*i + 4*i - 518. Let h = b + -138. Calculate the remainder when h is divided by 24.
22
Suppose 4*j = 22 + 38. Calculate the remainder when j is divided by 528/(-660)*5/(-1).
3
Suppose 2*t - 38 = 4*n, 8*t - 7*t + 3*n - 9 = 0. What is the remainder when t is divided by 3?
0
Suppose 5*q + 17 = g, 51*q - 55*q = g - 62. Let a(s) = -5*s - 4. What is the remainder when g is divided by a(-3)?
9
Let w(p) = 3*p**2 - 6*p**2 + 26 - 4*p**2 + 2*p**2. Let g(y) = -y**2 + 1. Let d(t) = -6*g(t) + w(t). What is the remainder when 38 is divided by d(0)?
18
Suppose 3*i - v = -5*v + 15, 0 = 3*i + 2*v - 21. Suppose 5*x - 4*h - 15 = 0, 0 = -h + 4*h. Calculate the remainder when i is divided by x.
0
Let b(u) be the third derivative of -1/2*u**3 + 1/8*u**4 + 0 - 5*u**2 + 1/20*u**6 - 1/60*u**5 + 0*u. What is the remainder when b(2) is divided by 12?
11
Let z = 1453 + -1236. Calculate the remainder when z is divided by 40.
17
Suppose -54 = 28*t - 31*t. Suppose 2*d - 10 = t. Calculate the remainder when 81 is divided by d.
11
Let b(w) = -2*w**3 - 9*w**2 - 14*w - 15. What is the remainder when b(-7) is divided by 110?
108
Let u(y) = -y**3 + 15*y**2 - 16*y + 34. Suppose -4*i + 0*i + 24 = 0. What is the remainder when u(14) is divided by i?
0
What is the remainder when 110 is divided by 33/4*-2*-2?
11
Let c(g) = 2*g**2 - 2*g - 18. What is the remainder when 127 is divided by c(-3)?
1
Let k(t) = 2*t**3 + 7*t**2 - 17*t + 10. Suppose 0 = 4*h + 3*g - 105, -6*h + h - 4*g + 130 = 0. What is the remainder when h is divided by k(-5)?
10
Let i = 19 + 12. Let o be 30/(-6) + (-7 - -39). Let m = i - o. Calculate the remainder when m is divided by 4.
0
Let k(x) = 38*x**2 + 2*x - 3. Calculate the remainder when k(1) is divided by 32.
5
Let f = 922 - 814. Calculate the remainder when f is divided by 34.
6
Calculate the remainder when 28/(-8)*((-333)/7 - 1) is divided by 25.
20
Suppose -3*y = 5 + 7. Let j be 424/14 + y/14. Let c = j - 10. Calculate the remainder when c is divided by 7.
6
Suppose x + 48 = -4*i - 118, 200 = -5*i - 5*x. Suppose 1 = -g - 8. What is the remainder when (-276)/i - g/21 is divided by 2?
1
Let b(q) be the second derivative of q**4/12 - 2*q**3/3 - 7*q**2/2 - 20*q. What is the remainder when 27 is divided by b(7)?
13
Suppose -4*g - 161 = -3*i - 58, 0 = -5*i + 3*g + 168. Calculate the remainder when 65 is divided by i.
32
Let b = 28 + -41. Let a(n) = n**2 + 8*n - 14. Let j be a(-11). Let m = j + b. What is the remainder when 11 is divided by m?
5
Suppose 0 = 2*g - g - w - 16, -3*g = -w - 46. Suppose -380 = 10*u - g*u. What is the remainder when u is divided by (1 + -3)/(-1) + 11?
11
Calculate the remainder when 52/(7 - (-81)/(-12)) is divided by 42.
40
Let z = -26 - -45. Suppose -5*k + 2*c + 2*c = -178, -k + 30 = 2*c. Calculate the remainder when k is divided by z.
15
Let o(s) = -s**3 + 2*s**2 + s + 1. Let k be o(2). Suppose -31 = -b + 3*v - 7*v, -k*b + 5*v = -42. Let z = -14 + b. What is the remainder when z is divided by 4?
1
Suppose 0 = -3*p + m - 5, m = 2*p + 4 + 1. Suppose -8 = -q + 5*q, p = 5*a + 4*q - 72. What is the remainder when 45 is divided by a?
13
Let r be ((-208)/65)/((-2)/10). Suppose 10 = -r*b + 17*b. Calculate the remainder when 28 is divided by b.
8
Suppose -8 = -2*a - 0*a. Let b be a/(12/129) - 3. Suppose 5*z - b = z. Calculate the remainder when z is divided by 7.
3
Suppose 9*o + 619 = 682. Calculate the remainder when 277 is divided by o.
4
Let c(i) = 6*i**3 + 5. Calculate the remainder when c(2) is divided by 11.
9
Let l be 4*(-1)/(-12) - (-6)/(-18). Suppose l = 4*a + 4*v - 16, -v + 5*v = a + 1. Calculate the remainder when 4 is divided by a.
1
What is the remainder when 212 is divided by 1 + 9730/135 + 12/(-162)?
66
Let s be 48 + ((-3)/(-4) - (-25)/20). Suppose -2*k = -4*q + 92, -5*q + 5*k = -60 - s. Calculate the remainder when 67 is divided by q.
19
Let z = -161 + 284. Let j(q) = 4*q - 27. Calculate the remainder when z is divided by j(12).
18
Suppose 0 = 16*b - 14*b. Suppose m - 38 = -2*w - b*m, -3*w - 3*m + 60 = 0. Calculate the remainder when 46 is divided by w.
10
Suppose -5*n = -5 - 35. Let f = n + 31. What is the remainder when f is divided by 5?
4
Let t(n) = n**2 - 2*n + 2. Let y = -64 + 68. Let b = y + 9. What is the remainder when b is divided by t(3)?
3
Suppose m = -2*m + 72. Let l = 130 + -71. Let b = l - 12. Calculate the remainder when b is divided by m.
23
Suppose -2*w + 21 = -109. Let i = w + -24. Suppose 20 = -36*l + i*l. Calculate the remainder when 15 is divided by l.
3
Let i = 43 - 33. Suppose -44 = -3*t + 22. What is the remainder when t is divided by i?
2
Suppose v - 3*v = -6. Suppose 2*i - 140 = -v*i - 4*q, -3*i - 3*q = -87. Suppose 2*s - 2 = 24. What is the remainder when i is divided by s?
11
Let b(y) = y**3 - 12*y**2 + 10*y + 16. Let x = -10 + 7. Let t be 22*x*3/(-18). Calculate the remainder when b(t) is divided by 4.
1
Suppose -4*s - 53 = 2*w - 5*w, 0 = -2*w + 5*s + 26. Let y be -2*((-21)/2)/3. Suppose -b = -y - 1. Calculate the remainder when w is divided by b.
7
Let j(a) be the third derivative of -3*a**2 - 2*a**3 + 0 + 1/4*a**4 + 0*a. Calculate the remainder when 118 is divided by j(7).
28
Let u(z) = 70*z - 341. Let j(r) = -21*r + 1. Calculate the remainder when j(-1) is divided by u(5).
4
Let f = 605 + -592. What is the remainder when 426 is divided by f?
10
Let j(x) = 10*x - 12. Let t be j(5). Suppose 16 = 3*a - t. Calculate the remainder when 47 is divided by a.
11
Suppose -4*m - 3*o + 613 = -6*o, o = -3*m + 476. Let j = -109 + m. Calculate the remainder when 142 is divided by j.
46
Suppose 3*k = 3*j + 102, -2*k + 2*j + 38 = -k. Suppose -v = 4*u, k = 5*v + 3*u - 21. What is the remainder when v is divided by (-66)/(-10) - (-2)/5?
5
Suppose 0 = -17*l + 12*l + 220. Suppose 0 = 4*p + p - 125. Calculate the remainder when p is divided by 3 - (33/l)/(2/(-16)).
7
Suppose -3*g + 276 = -14*x + 15*x, -87 = -g - 2*x. Calculate the remainder when 367 is divided by g.
88
Calculate the remainder when (-12)/(-54)*-21*(-6)/4 is divided by 6.
1
Let s(n) = 14*n + 165. Let i = -18 + 46. Calculate the remainder when s(-4) is divided by i.
25
Suppose 365 = 5*v - 10*v. Let f = -15 - v. Calculate the remainder when f is divided by 15.
13
Suppose 0 = 78*q + 657 - 4635. Calculate the remainder when 89 is divided by q.
38
Let m(a) = -a**3 + 7*a**2 + 12*a + 12. Let v be m(9). Let d = v + 71. What is the remainder when 57 is divided by d?
28
Let d(q) be the first derivative of -q**4/4 - 10*q**3/3 + 11*q + 8. Calculate the remainder when 40 is divided by d(-10).
7
Suppose -31*i + 5*i + 1508 = 0. Calculate the remainder when 230 is d